e number?
False
Is 1809751 a composite number?
False
Is 12159353 prime?
True
Is 441268001 composite?
False
Is 6420173 a prime number?
True
Is 3799723 prime?
False
Is 39586529 a composite number?
False
Is 10239313 a composite number?
True
Is 7288705 prime?
False
Is 9396731 a prime number?
True
Is 6124955 prime?
False
Is 1839467 a composite number?
True
Is 4565009 a prime number?
False
Is 65893631 prime?
False
Is 3234463 prime?
True
Is 185506507 a prime number?
False
Is 231637243 prime?
False
Is 14488361 a prime number?
False
Is 6575227 a composite number?
False
Is 3564251 a prime number?
False
Is 854213 prime?
True
Is 285273403 a composite number?
False
Is 304327831 composite?
True
Is 3329849 composite?
True
Is 57310177 prime?
False
Is 107793227 composite?
False
Is 3705355 a composite number?
True
Is 1809887 composite?
False
Is 136181 a composite number?
True
Is 7468363 composite?
True
Is 7500071 composite?
False
Is 40917211 a prime number?
True
Is 19921597 composite?
True
Is 39458663 a composite number?
True
Is 3371099 composite?
True
Is 101400727 composite?
True
Is 1397437 a composite number?
False
Is 3099835 a prime number?
False
Is 2592547 a composite number?
False
Is 253188541 prime?
False
Is 250940779 prime?
False
Is 418321 prime?
True
Is 16342471 a composite number?
False
Is 3985181 a prime number?
True
Is 14564401 a composite number?
True
Is 917141 a composite number?
False
Is 6269527 composite?
True
Is 2532121 prime?
False
Is 52390561 composite?
False
Is 98786657 a composite number?
False
Is 57047933 prime?
False
Is 14553997 composite?
True
Is 99656387 prime?
False
Is 396700709 a prime number?
True
Is 443481879 a composite number?
True
Is 135321149 composite?
False
Is 3321491 a prime number?
True
Is 7843867 a composite number?
True
Is 16136566 a prime number?
False
Is 110140267 a prime number?
True
Is 5085587 a composite number?
True
Is 173969713 composite?
False
Is 2552489 prime?
False
Is 38250601 a composite number?
False
Is 219721 composite?
False
Is 4096891 a composite number?
False
Is 421601 prime?
False
Is 2831029 prime?
False
Is 119322001 a prime number?
False
Is 2264497 a prime number?
True
Is 225067867 prime?
False
Is 72853637 prime?
True
Is 85009213 prime?
False
Is 4453249 a prime number?
False
Is 24832783 a composite number?
False
Is 263605207 a prime number?
False
Is 58174957 prime?
False
Is 117214043 composite?
False
Is 16869563 prime?
True
Is 12275187 composite?
True
Is 30657911 a prime number?
True
Is 8559983 a composite number?
False
Is 9590989 a composite number?
False
Is 13699619 a prime number?
True
Is 8610731 a prime number?
True
Is 5708663 a composite number?
True
Is 567692239 a composite number?
True
Is 150869 composite?
False
Is 25668623 a composite number?
True
Is 6584377 composite?
False
Is 2445697 a prime number?
True
Is 1601977 a prime number?
False
Is 8632289 composite?
True
Is 13105481 prime?
True
Is 8015963 prime?
False
Is 384781699 a composite number?
False
Is 15517373 prime?
True
Is 141416043 prime?
False
Is 4424467 prime?
True
Is 45811751 prime?
False
Is 226001443 a composite number?
False
Is 517129 a composite number?
False
Is 4256149 a composite number?
True
Is 87011297 prime?
True
Is 265410557 a composite number?
False
Is 63172537 a composite number?
True
Is 1527247 prime?
True
Is 11773877 a prime number?
False
Is 316493 prime?
True
Is 3964021 composite?
False
Is 529709 a composite number?
False
Is 6904883 a composite number?
False
Is 341998793 a prime number?
True
Is 3970919 composite?
True
Is 68858753 a prime number?
False
Is 2756935 prime?
False
Is 58501727 composite?
False
Is 4236527 composite?
False
Is 12338629 prime?
False
Is 1940107 prime?
False
Is 289926565 prime?
False
Is 7857437 prime?
False
Is 130081099 a composite number?
True
Is 66692929 composite?
False
Is 6529223 a composite number?
False
Is 335908691 prime?
False
Is 39407267 a composite number?
True
Is 411393431 a composite number?
False
Is 16567753 composite?
True
Is 376127 composite?
False
Is 3176273 composite?
False
Is 516943 prime?
False
Is 29352787 a prime number?
True
Is 21400489 composite?
True
Is 57133457 prime?
False
Is 228208669 composite?
True
Is 1595701 a composite number?
False
Is 2960473 a prime number?
False
Is 3704731 prime?
True
Is 249449 a prime number?
True
Is 2813999 prime?
False
Is 13050047 prime?
False
Is 20811799 a prime number?
True
Is 874231 prime?
False
Is 4983031 composite?
False
Is 1593127 composite?
True
Is 484729 prime?
False
Is 11308909 prime?
True
Is 168243 composite?
True
Is 1164461 a prime number?
True
Is 95961679 a composite number?
True
Is 725182509 composite?
True
Is 977101 composite?
True
Is 209350135 composite?
True
Is 48407929 prime?
True
Is 44427451 prime?
False
Is 4974203 a prime number?
False
Is 15310831 prime?
True
Is 29088023 a composite number?
True
Is 18651695 composite?
True
Is 7699999 prime?
False
Is 61476433 prime?
False
Is 2226307 prime?
True
Is 381001 a composite number?
False
Is 3219509 a composite number?
True
Is 21658547 a prime number?
True
Is 1366877 prime?
True
Is 183651553 composite?
False
Is 10646819 a composite number?
False
Is 41084357 a prime number?
True
Is 24075101 prime?
True
Is 31673767 a composite number?
True
Is 670468663 a composite number?
True
Is 2531327 composite?
True
Is 432990291 a prime number?
False
Is 17998579 a prime number?
True
Is 10521253 prime?
True
Is 91291 a prime number?
True
Is 1595683 a composite number?
True
Is 231396337 composite?
False
Is 24153469 a prime number?
False
Is 119608063 a prime number?
False
Is 7299139 a prime number?
False
Is 443260847 prime?
False
Is 1714107 composite?
True
Is 2030063995 a composite number?
True
Is 818887 a composite number?
False
Is 116685247 a composite number?
True
Is 9872683 composite?
False
Is 118564739 composite?
True
Is 116772743 a composite number?
True
Is 19958753 composite?
False
Is 2030437 prime?
True
Is 108947413 a composite number?
False
Is 21878401 prime?
True
Is 8488289 composite?
False
Is 3432383 a prime number?
True
Is 1004351 a composite number?
True
Is 6785843 composite?
False
Is 2678311 prime?
True
Is 85053611 prime?
True
Is 6616271 a composite number?
False
Is 644837 a prime number?
True
Is 32824049 prime?
True
Is 213851 a prime number?
False
Is 10157371 a composite number?
True
Is 27741667 a prime number?
True
Is 2599719 composite?
True
Is 1869107 prime?
False
Is 350027 a composite number?
True
Is 62109539 composite?
True
Is 4741699 prime?
False
Is 527644057 composite?
False
Is 67647647 a prime number?
False
Is 184949 composite?
False
Is 3602759 composite?
True
Is 10474783 prime?
False
Is 4319321 composite?
True
Is 5000405 composite?
True
Is 2667689 a prime number?
True
Is 1798889 prime?
False
Is 1008701 a prime number?
True
Is 2146043 prime?
True
Is 2996663 composite?
False
Is 117851 a composite number?
False
Is 4868293 a composite number?
False
Is 470954411 composite?
True
Is 68169709 composite?
True
Is 13193669 prime?
True
Is 73223707 a composite number?
False
Is 9478285 composite?
True
Is 163944866 prime?
False
Is 26558479 a composite number?
False
Is 70914499 prime?
True
Is 2179241 composite?
False
Is 61215613 a composite number?
False
Is 6400057 prime?
False
Is 22075403 prime?
False
Is 72115397 composite?
False
Is 11444047 composite?
False
Is 2281243 a prime number?
True
Is 724187839 composite?
False
Is 213650053 prime?
True
Is 16210553 a prime number?
False
Is 1522321 composite?
False
Is 71139473 composite?
False
Is 1316951 a prime number?
True
Is 100467767 a composite number?
False
Is 1292539 a prime number?
True
Is 14242751 a prime number?
True
Is 255686569 prime?
False
Is 406353653 prime?
True
Is 1993597 a composite number?
True
Is 115442039 a prime number?
True
Is 23888231 prime?
True
Is 68351 prime?
True
Is 351342317 composite?
False
Is 15509341 prime?
True
Is 4610821 composite?
False
Is 36937369 prime?
False
Is 78504187 composite?
False
Is 35199503 composite?
True
Is 3236851 prime?
False
Is 967427 composite?
False
Is 3431537 composite?
False
Is 4502059 composite?
True
Is 67955969 a prime number?
False
Is 1621029 composite?
True
Is 54522049 prime?
True
Is 679721 a composite number?
True
Is 31469 a composite number?
False
Is 97666703 a composite number?
False
Is 86030827 compos